73*f + 103460. Calculate r(16).
-108
Let t(p) = -8*p**3 - 93*p**2 - 249*p - 1188. Give t(-10).
2
Let z(y) = -2*y**2 + 1376*y + 12397. What is z(-9)?
-149
Let j(c) = -3*c**2 + 177*c - 269. Calculate j(0).
-269
Let f(n) = -18*n**2 - 515*n - 2435. Give f(-6).
7
Let f(g) = g**3 + 34*g**2 + 129*g + 1127. Calculate f(-31).
11
Let i(b) = b**2 + 44*b - 1517. Calculate i(-61).
-480
Let g(c) = -5874*c + 77099. Determine g(13).
737
Let j(m) = 1095354*m + 7667479. Determine j(-7).
1
Let g(f) = 7*f**2 - 27*f - 324. What is g(15)?
846
Let t(r) = 6916*r + 3243550. Calculate t(-469).
-54
Let p(n) = -55*n - 6260. Give p(-110).
-210
Let t(b) = 18*b**2 - 549*b + 1089. Determine t(2).
63
Let f(b) = 3*b**3 - 43*b**2 - 4*b - 164. Calculate f(18).
3328
Let y(m) = -767*m**2 + 436*m + 867. What is y(-2)?
-3073
Let h(i) = 106774*i - 213542. Calculate h(2).
6
Let z(h) = -5179*h - 165661. What is z(-32)?
67
Let r(b) = 21*b**3 + 378*b**2 + 4*b + 66. Give r(-18).
-6
Let x(r) = -r**3 - 298*r**2 + 321*r + 270254. Determine x(-296).
6
Let z(q) = q**3 - 20*q**2 + 130*q - 711. Calculate z(16).
345
Let s(d) = 12434*d**2 + 261134*d + 424. What is s(-21)?
4
Let x(h) = h**3 - 2*h**2 + 81*h - 735. Determine x(16).
4145
Let s(a) = -a**3 - 57*a**2 - 466*a + 115. Calculate s(-47).
-73
Let w(j) = -221*j + 81949. Determine w(371).
-42
Let s(r) = 82718*r - 827197. Give s(10).
-17
Let l(a) = -864*a - 352492. Give l(-408).
20
Let k(h) = 1757*h**2 - 2092*h - 6. Give k(1).
-341
Let r(f) = 10*f**2 + 3385*f - 6825. What is r(2)?
-15
Let j(c) = -21223*c + 2695324. Determine j(127).
3
Let p(y) = 3*y**2 - 147893*y + 443664. Calculate p(3).
12
Let m(f) = -5*f**3 + 1503*f**2 + 578*f + 7212. Determine m(301).
-12
Let x(m) = 254817*m + 1274089. Determine x(-5).
4
Let z(n) = 14*n**2 + 100*n + 1605. Calculate z(-14).
2949
Let d(y) = -y**3 + 63*y**2 - 427*y + 2249. Give d(56).
289
Let t(o) = -2*o**3 + 257*o**2 - 132*o + 1168. Give t(128).
656
Let d(w) = 473*w**2 + 2344*w - 68. What is d(-5)?
37
Let r(g) = 1662*g**2 + 293*g - 569. Give r(2).
6665
Let h(q) = -42*q**2 - 155*q - 463. Calculate h(-3).
-376
Let s(g) = 1181*g - 594969. Give s(504).
255
Let h(f) = -f**2 + 4280*f + 12842. Calculate h(-3).
-7
Let z(v) = -200*v**3 + 602*v**2 - 15*v + 40. What is z(3)?
13
Let p(a) = 6*a**3 - 1365*a**2 - 2061*a + 14. Give p(229).
14
Let v(g) = 2686*g + 69619. What is v(-26)?
-217
Let g(t) = 816*t + 3956. Determine g(-5).
-124
Let y(d) = -122*d - 803. Give y(-15).
1027
Let f(h) = -5*h**3 + 1671*h**2 + 1338*h + 665. Determine f(335).
-5
Let z(v) = 3*v**2 + 19*v - 99. What is z(9)?
315
Let c(d) = 101951*d + 815566. Determine c(-8).
-42
Let g(o) = -15548*o - 948400. What is g(-61)?
28
Let t(z) = -817*z - 22855. Calculate t(-28).
21
Let y(w) = 18173*w**2 + 54534*w + 50. What is y(-3)?
5
Let l(u) = -u**2 - 249*u - 984. Calculate l(-4).
-4
Let z(g) = -g**2 - 503*g - 43882. Calculate z(-391).
-90
Let i(m) = -2*m**3 + 24*m**2 + 695*m - 931. What is i(25)?
194
Let u(i) = -69626*i - 7171479. Give u(-103).
-1
Let h(w) = -2*w**3 - 202*w**2 + 2*w + 2258. Calculate h(0).
2258
Let h(t) = t**3 + 317*t**2 + 1615*t + 17158. Determine h(-312).
-2
Let q(h) = -7*h**2 + 228*h + 44403. What is q(-65)?
8
Let i(s) = -109*s - 21953. What is i(-201)?
-44
Let d(v) = -24*v**3 + 5*v**2 + 25*v + 55. Give d(-2).
217
Let g(c) = -2868*c + 77367. What is g(27)?
-69
Let l(j) = -2*j**2 - 4806*j - 804357. Give l(-181).
7
Let a(u) = -u**3 - 11*u**2 - 4473*u + 13539. Give a(3).
-6
Let g(k) = k**3 - 214*k**2 - 3780*k - 33952. What is g(231)?
5
Let d(h) = 984*h - 14752. Determine d(15).
8
Let r(n) = -3*n**2 - 54*n - 202. Calculate r(-9).
41
Let o(r) = 2*r**2 + 88*r - 25163. What is o(92)?
-139
Let h(y) = 351*y - 17913. Calculate h(51).
-12
Let l(x) = -3*x**2 - 471*x - 7139. What is l(-140)?
1
Let h(q) = 2*q**3 - 9*q**2 - 54819*q + 219283. Determine h(4).
-9
Let m(y) = -331*y**2 - 123131*y + 354. Determine m(-372).
-18
Let v(i) = -i**2 - 1856*i + 20535. Calculate v(11).
-2
Let x(p) = 18*p**2 + 3326*p + 3342. Calculate x(-1).
34
Let m(a) = -7822*a + 211195. What is m(27)?
1
Let q(r) = -r**2 + 711*r - 53159. What is q(85)?
51
Let t(v) = -2*v**2 + 254*v - 6257. Give t(32).
-177
Let c(t) = -137*t - 5218. Determine c(-33).
-697
Let d(i) = 2*i**2 - 62*i + 254. What is d(17)?
-222
Let s(n) = -23319*n - 303159. Calculate s(-13).
-12
Let x(r) = r**3 - 34*r**2 + 246*r + 174. Determine x(23).
13
Let r(q) = -2*q**2 + 6074*q - 90669. Determine r(15).
-9
Let t(a) = 514596*a - 2058396. What is t(4)?
-12
Let l(g) = -1973*g + 242675. Determine l(123).
-4
Let k(q) = -5945*q - 184319. Determine k(-31).
-24
Let s(b) = -b**3 - 104*b**2 + 153*b + 18104. Calculate s(-104).
2192
Let a(h) = 2*h**3 + 257*h**2 + 282*h + 53025. Determine a(-129).
6
Let i(g) = -15*g**2 + 1878*g + 20260. What is i(-10)?
-20
Let n(t) = -12*t**3 + 158*t**2 - t + 3. Determine n(-2).
733
Let v(f) = -10*f**3 + 8*f**2 + 2*f - 21. Give v(2).
-65
Let x(b) = b**3 + 68*b**2 + 113*b - 1318. Calculate x(-66).
-64
Let l(a) = -a**3 + 19*a**2 + 14*a + 594. Determine l(21).
6
Let f(s) = -s**3 + 410*s**2 - 93*s + 38124. What is f(410)?
-6
Let g(y) = 287*y - 568. What is g(9)?
2015
Let d(z) = 41215*z - 453362. Calculate d(11).
3
Let p(t) = -t**3 + 85*t**2 - 1703*t + 463. What is p(53)?
92
Let w(h) = 5556*h + 82400. Determine w(-15).
-940
Let t(g) = 21*g**2 - 4154*g - 306241. Calculate t(255).
14
Let a(c) = -11316*c + 101780. Determine a(9).
-64
Let v(q) = -q**3 + 12*q**2 - 985*q + 5694. Determine v(6).
0
Let j(h) = 10*h**2 + 4423*h - 5. Determine j(0).
-5
Let s(r) = 9961*r + 99681. Give s(-10).
71
Let o(h) = -26130*h + 3788861. Give o(145).
11
Let a(o) = 1848*o - 86842. Give a(47).
14
Let l(y) = -4*y**3 - 400*y**2 + 94*y + 9241. Determine l(-100).
-159
Let z(x) = -6*x**3 - 251*x**2 - 43*x + 7. Give z(0).
7
Let b(u) = -199*u**3 - 82584*u**2 + 389*u - 10788. Give b(-415).
2
Let r(l) = 341127*l + 1023396. Calculate r(-3).
15
Let p(t) = t**3 - 29*t**2 + 190*t - 7856. Calculate p(31).
-44
Let l(b) = b**3 - 1872*b**2 + 40949*b - 460644. Determine l(1850).
6
Let a(p) = -50455*p + 807283. Calculate a(16).
3
Let l(u) = -20*u**3 - 499*u**2 - 84*u - 2728. Determine l(-25).
-3
Let q(s) = s**3 + s**2 - 103*s - 91. Give q(-10).
39
Let o(g) = -14*g**2 - 5*g + 584. Calculate o(0).
584
Let n(i) = -142*i + 13462. Calculate n(96).
-170
Let g(y) = -23783*y + 451983. Give g(19).
106
Let x(o) = -290*o**2 + 1724*o - 46. Determine x(6).
-142
Let g(z) = 602*z**2 + 143280*z + 983. Calculate g(-238).
31
Let i(h) = 8973*h - 717644. What is i(80)?
196
Let y(z) = -z**3 - 38*z**2 + 13*z - 28. Determine y(-40).
2652
Let z(r) = -81818*r + 81837. Determine z(1).
19
Let c(l) = -23*l**2 + 2669*l + 4378. What is c(117)?
1804
Let j(z) = z**3 + 15*z**2 - 6746*z - 294. What is j(75)?
6
Let b(q) = -90030*q - 720221. Give b(-8).
19
Let d(m) = -68*m**3 + 274*m**2 - 87*m + 348. Calculate d(4).
32
Let p(j) = -89*j**2 - 933*j - 935. Determine p(-1).
-91
Let a(l) = -125*l**2 - 371*l + 2284. Determine a(-6).
10
Let m(a) = a**2 + 28*a + 463. Determine m(-37).
796
Let z(b) = 1187*b**2 + 599*b + 17. What is z(-1)?
605
Let d(g) = 46177*g + 2909146. Determine d(-63).
-5
Let t(l) = 4*l**3 - l**2 + 1118*l + 4436. Determine t(-4).
-308
Let b(r) = -687*r + 65786. Give b(96).
-166
Let p(f) = -4*f**3 - 99*f**2 + 172*f + 1735. Determine p(-26).
643
Let h(m) = 3207*m - 480794. What is h(150)?
256
Let d(j) = -183*j + 46107. Give d(251).
174
Let c(s) = 125*s + 2346. Calculate c(-14).
596
Let z(h) = -30*h**2 - 88*h - 103. Calculate z(-5).
-413
Let j(k) = -8871*k - 736250. Determine j(-83).
43
Let j(g) = -g**3 - 8*g**2 - 13860*g - 124817. Determine j(-9).
4
Let h(d) = -3*d**2 + 363*d - 2339. Calculate h(7).
55
Let v(u) = -2*u**3 - 91*u**2 - 14*u + 918. Give v(3).
3
Let u(h) = h**3 + 20*h**2 - 66*h - 663. What is u(-20)?
657
Let a(t) = 1436*t + 3736. Determine a(-3).
-572
Let i(f) = -93*f**2 - 685*f + 1369. Determine i(2).
-373
Let i(t) = 4*t**2 - 1028*t + 65675. What is i(116)?
251
Let a(u) = -2187*u - 594774. What is a(-272)?
90
Let s(v) = -v**3 - 4*v**2 + 358*v + 2071. What is s(-6)?
-5
Let x(t) = -2*t**2 + 43*t + 7. Calculate x(19).
102
Let z(t) = -4128*t + 252176. Give z(61).
368
Let h(t) = 6*t**2 - 421*t + 7231. Calculate h(41).
56
Let l(x) = -4*x**2 - 2121*x + 19376. Calculate